{"id":75,"date":"2024-09-02T08:50:12","date_gmt":"2024-09-02T06:50:12","guid":{"rendered":"https:\/\/korollerionarmorbihan.fr\/?page_id=75"},"modified":"2026-04-13T16:24:20","modified_gmt":"2026-04-13T14:24:20","slug":"nos-cours","status":"publish","type":"page","link":"https:\/\/korollerionarmorbihan.fr\/index.php\/nos-cours\/","title":{"rendered":"Nos cours"},"content":{"rendered":"\n<div class=\"wp-block-group alignfull has-base-background-color has-background has-global-padding is-layout-constrained wp-container-core-group-is-layout-d89aad35 wp-block-group-is-layout-constrained\" style=\"margin-top:0;margin-bottom:0;padding-top:var(--wp--preset--spacing--50);padding-right:var(--wp--preset--spacing--50);padding-bottom:var(--wp--preset--spacing--50);padding-left:var(--wp--preset--spacing--50)\">\n<div class=\"wp-block-columns alignwide is-layout-flex wp-container-core-columns-is-layout-549b0c86 wp-block-columns-is-layout-flex\">\n<div class=\"wp-block-column is-vertically-aligned-stretch has-global-padding is-content-justification-left is-layout-constrained wp-container-core-column-is-layout-4f15e8fe wp-block-column-is-layout-constrained\" style=\"flex-basis:40%\"><\/div>\n\n\n\n<div class=\"wp-block-column is-layout-flow wp-container-core-column-is-layout-e3d1c41b wp-block-column-is-layout-flow\" style=\"flex-basis:60%\">\n<h2 class=\"wp-block-heading has-x-large-font-size\"><strong>Cours de danse bretonne<\/strong><\/h2>\n\n\n\n<p>                       <strong>cours r\u00e9serv\u00e9s aux adultes <mark style=\"background-color:rgba(0, 0, 0, 0)\" class=\"has-inline-color has-base-color\">Philippe KERAMBLOC\u2019H<\/mark><\/strong><\/p>\n\n\n\n<p>Planning :<\/p>\n\n\n\n<div class=\"wp-block-columns is-not-stacked-on-mobile is-layout-flex wp-container-core-columns-is-layout-28f84493 wp-block-columns-is-layout-flex\">\n<div class=\"wp-block-column is-layout-flow wp-block-column-is-layout-flow\">\n<p>1. Mercredi de 18h00 \u00e0 19h30<\/p>\n\n\n\n<p>2. Vendredi de 17h30 \u00e0 19h45<\/p>\n<\/div>\n\n\n\n<div class=\"wp-block-column is-layout-flow wp-block-column-is-layout-flow\">\n<p>1\u00e8re ann\u00e9e<\/p>\n\n\n\n<p>2\u00e8me ann\u00e9e et +<\/p>\n<\/div>\n<\/div>\n\n\n\n<p>Lieu&nbsp;: Salle de la Bergerie ch\u00e2teau de Kerdurand \u00e0 Riantec<\/p>\n\n\n\n<p>Anim\u00e9 par Philippe KERAMBLOC&rsquo;H<\/p>\n\n\n\n<p>Et si, demain, il fallait un dipl\u00f4me d\u2019\u00c9tat \u00e0 tous les encadrants b\u00e9n\u00e9voles de cercles celtiques&nbsp;? La proposition de loi, \u00e9tudi\u00e9e ces mercredi&nbsp;6 et jeudi 7&nbsp;mars 2024, \u00e0 l\u2019Assembl\u00e9e nationale n&rsquo;a pas \u00e9t\u00e9 retenue, donc il n&rsquo;y aura jamais d&rsquo;animateur dipl\u00f4m\u00e9 ! <\/p>\n\n\n\n<p><\/p>\n\n\n\n<p><\/p>\n\n\n\n<h2 class=\"wp-block-heading\"><strong>Atelier cr\u00eapes <\/strong><\/h2>\n\n\n\n<p class=\"has-medium-font-size\">Les samedi apr\u00e8s midi<\/p>\n\n\n\n<p class=\"has-medium-font-size\">Lieu: Maison des association de Lanester dans le local de KASV<\/p>\n\n\n\n<p>horaire de 14h00 \u00e0 18h00<\/p>\n\n\n\n<p>Les dates en 2027 :<\/p>\n\n\n\n<p>Anim\u00e9 par Philippe KERAMBLOCH<\/p>\n\n\n\n<p>Tarif d&rsquo;une session:  adh\u00e9rent 20\u20ac,   ext 25\u20ac<\/p>\n\n\n\n<p>Vous repartirez avec votre production, les ingr\u00e9dient, les ustensiles et le savoir son fournis par l&rsquo;association.<\/p>\n\n\n\n<p><strong>N&rsquo;oubliez pas votre tablier<\/strong><\/p>\n\n\n\n<p>contacte via le site<\/p>\n\n\n\n<p><\/p>\n\n\n\n<p><\/p>\n\n\n\n<h2 class=\"wp-block-heading\">Modalit\u00e9s d\u2019inscription:<\/h2>\n\n\n\n<p><strong>Votre inscription sera prise en compte et valid\u00e9e avec un dossier complet<\/strong>.<br>R\u00e8glements accept\u00e9s&nbsp;:<\/p>\n\n\n\n<ul class=\"wp-block-list is-style-default\">\n<li>Ch\u00e8ques \u00e0 l\u2019ordre de KOROLLERION ar MOR BIHAN.<\/li>\n\n\n\n<li>Esp\u00e8ces en 1 fois.<\/li>\n<\/ul>\n\n\n\n<p><br><strong>Rejoignez-nous<\/strong><\/p>\n\n\n\n<div data-wp-interactive=\"core\/file\" class=\"wp-block-file\"><object data-wp-bind--hidden=\"!state.hasPdfPreview\" hidden class=\"wp-block-file__embed\" data=\"https:\/\/korollerionarmorbihan.fr\/wp-content\/uploads\/2024\/09\/Bulletin-dAdhesion-2024-2025.pdf\" type=\"application\/pdf\" style=\"width:100%;height:600px\" aria-label=\"Contenu embarqu\u00e9 Bulletin d&apos;Adh\u00e9sion 2025-2026.\"><\/object><a id=\"wp-block-file--media-558a9bef-a46a-474c-94a3-a0e26be3343c\" href=\"https:\/\/korollerionarmorbihan.fr\/wp-content\/uploads\/2024\/09\/Bulletin-dAdhesion-2024-2025.pdf\">Bulletin d&rsquo;Adh\u00e9sion 2025-2026<\/a><a href=\"https:\/\/korollerionarmorbihan.fr\/wp-content\/uploads\/2024\/09\/Bulletin-dAdhesion-2024-2025.pdf\" class=\"wp-block-file__button wp-element-button\" download aria-describedby=\"wp-block-file--media-558a9bef-a46a-474c-94a3-a0e26be3343c\">T\u00e9l\u00e9charger<\/a><\/div>\n<\/div>\n<\/div>\n<\/div>\n","protected":false},"excerpt":{"rendered":"<p>Cours de danse bretonne cours r\u00e9serv\u00e9s aux adultes Philippe KERAMBLOC\u2019H Planning : 1. Mercredi de 18h00 \u00e0 19h30 2. Vendredi de 17h30 \u00e0 19h45 1\u00e8re ann\u00e9e 2\u00e8me ann\u00e9e et + Lieu&nbsp;: Salle de la Bergerie ch\u00e2teau de Kerdurand \u00e0 Riantec Anim\u00e9 par Philippe KERAMBLOC&rsquo;H Et si, demain, il fallait un dipl\u00f4me d\u2019\u00c9tat \u00e0 tous les [&hellip;]<\/p>\n","protected":false},"author":1,"featured_media":0,"parent":0,"menu_order":0,"comment_status":"closed","ping_status":"closed","template":"page-no-title","meta":{"footnotes":""},"class_list":["post-75","page","type-page","status-publish","hentry"],"_links":{"self":[{"href":"https:\/\/korollerionarmorbihan.fr\/index.php\/wp-json\/wp\/v2\/pages\/75","targetHints":{"allow":["GET"]}}],"collection":[{"href":"https:\/\/korollerionarmorbihan.fr\/index.php\/wp-json\/wp\/v2\/pages"}],"about":[{"href":"https:\/\/korollerionarmorbihan.fr\/index.php\/wp-json\/wp\/v2\/types\/page"}],"author":[{"embeddable":true,"href":"https:\/\/korollerionarmorbihan.fr\/index.php\/wp-json\/wp\/v2\/users\/1"}],"replies":[{"embeddable":true,"href":"https:\/\/korollerionarmorbihan.fr\/index.php\/wp-json\/wp\/v2\/comments?post=75"}],"version-history":[{"count":44,"href":"https:\/\/korollerionarmorbihan.fr\/index.php\/wp-json\/wp\/v2\/pages\/75\/revisions"}],"predecessor-version":[{"id":526,"href":"https:\/\/korollerionarmorbihan.fr\/index.php\/wp-json\/wp\/v2\/pages\/75\/revisions\/526"}],"wp:attachment":[{"href":"https:\/\/korollerionarmorbihan.fr\/index.php\/wp-json\/wp\/v2\/media?parent=75"}],"curies":[{"name":"wp","href":"https:\/\/api.w.org\/{rel}","templated":true}]}}